{"id":1302,"date":"2016-02-22T10:31:49","date_gmt":"2016-02-22T09:31:49","guid":{"rendered":"https:\/\/www.vilija.sk\/kysucke-pekarne\/?page_id=1302"},"modified":"2016-04-06T08:53:23","modified_gmt":"2016-04-06T07:53:23","slug":"ciele-spolocnosti","status":"publish","type":"page","link":"https:\/\/www.vilija.sk\/kysucke-pekarne\/o-spolocnosti\/ciele-spolocnosti\/","title":{"rendered":"Ciele spolo\u010dnosti"},"content":{"rendered":"<h2><span style=\"color: #333300;\"><strong>Hlavn\u00e9 ciele spolo\u010dnosti<\/strong><\/span><\/h2>\n<ul>\n<li><span style=\"color: #333300;\"><strong>Spokojn\u00ed z\u00e1kazn\u00edci<\/strong><\/span><\/li>\n<li><span style=\"color: #333300;\"><strong>V\u010dasn\u00fd a spo\u013eahliv\u00fd syst\u00e9m rozvozu na\u0161ich v\u00fdrobkov<\/strong><\/span><\/li>\n<li><span style=\"color: #333300;\"><strong>\u010cerstv\u00e9 pe\u010divo nieko\u013eko kr\u00e1t denne vo Va\u0161ej predajni<\/strong><\/span><\/li>\n<li><span style=\"color: #333300;\"><strong>Na\u0161i z\u00e1kazn\u00edci rozhoduj\u00fa o sortimente a kvalite<\/strong><\/span><\/li>\n<li><span style=\"color: #333300;\"><strong>Korektn\u00e9 vz\u0165ahy s na\u0161imi dod\u00e1vate\u013emi<\/strong><\/span><\/li>\n<li><span style=\"color: #333300;\"><strong>Vzdel\u00e1vanie pracovn\u00edkov a zav\u00e1dzanie nov\u00fdch postupov zabezpe\u010duje rast kvality<\/strong><\/span><\/li>\n<li><span style=\"color: #333300;\"><strong>Zisky investujeme predov\u0161etk\u00fdm do modern\u00fdch technol\u00f3gi\u00ed<\/strong><\/span><\/li>\n<li><span style=\"color: #333300;\"><strong>Budovan\u00edm obchodnej zna\u010dky Vilija zvy\u0161ujeme po\u010det spokojn\u00fdch z\u00e1kazn\u00edkov<\/strong><\/span><\/li>\n<\/ul>\n","protected":false},"excerpt":{"rendered":"<p>Hlavn\u00e9 ciele spolo\u010dnosti Spokojn\u00ed z\u00e1kazn\u00edci V\u010dasn\u00fd a spo\u013eahliv\u00fd syst\u00e9m rozvozu na\u0161ich v\u00fdrobkov \u010cerstv\u00e9 pe\u010divo nieko\u013eko kr\u00e1t denne vo Va\u0161ej predajni Na\u0161i z\u00e1kazn\u00edci rozhoduj\u00fa o sortimente a kvalite Korektn\u00e9 vz\u0165ahy s na\u0161imi dod\u00e1vate\u013emi Vzdel\u00e1vanie pracovn\u00edkov a zav\u00e1dzanie nov\u00fdch postupov zabezpe\u010duje rast kvality Zisky investujeme predov\u0161etk\u00fdm do modern\u00fdch technol\u00f3gi\u00ed Budovan\u00edm obchodnej zna\u010dky Vilija zvy\u0161ujeme po\u010det spokojn\u00fdch z\u00e1kazn\u00edkov<\/p>\n","protected":false},"author":2,"featured_media":0,"parent":37,"menu_order":14,"comment_status":"closed","ping_status":"open","template":"page-templates\/subpage.php","meta":{"footnotes":""},"class_list":["post-1302","page","type-page","status-publish","hentry"],"_links":{"self":[{"href":"https:\/\/www.vilija.sk\/kysucke-pekarne\/wp-json\/wp\/v2\/pages\/1302","targetHints":{"allow":["GET"]}}],"collection":[{"href":"https:\/\/www.vilija.sk\/kysucke-pekarne\/wp-json\/wp\/v2\/pages"}],"about":[{"href":"https:\/\/www.vilija.sk\/kysucke-pekarne\/wp-json\/wp\/v2\/types\/page"}],"author":[{"embeddable":true,"href":"https:\/\/www.vilija.sk\/kysucke-pekarne\/wp-json\/wp\/v2\/users\/2"}],"replies":[{"embeddable":true,"href":"https:\/\/www.vilija.sk\/kysucke-pekarne\/wp-json\/wp\/v2\/comments?post=1302"}],"version-history":[{"count":4,"href":"https:\/\/www.vilija.sk\/kysucke-pekarne\/wp-json\/wp\/v2\/pages\/1302\/revisions"}],"predecessor-version":[{"id":1747,"href":"https:\/\/www.vilija.sk\/kysucke-pekarne\/wp-json\/wp\/v2\/pages\/1302\/revisions\/1747"}],"up":[{"embeddable":true,"href":"https:\/\/www.vilija.sk\/kysucke-pekarne\/wp-json\/wp\/v2\/pages\/37"}],"wp:attachment":[{"href":"https:\/\/www.vilija.sk\/kysucke-pekarne\/wp-json\/wp\/v2\/media?parent=1302"}],"curies":[{"name":"wp","href":"https:\/\/api.w.org\/{rel}","templated":true}]}}